{"id":20,"date":"2019-09-27T12:36:08","date_gmt":"2019-09-27T10:36:08","guid":{"rendered":"https:\/\/purolatino.es\/?page_id=20"},"modified":"2026-03-24T19:09:58","modified_gmt":"2026-03-24T19:09:58","slug":"entradas","status":"publish","type":"page","link":"https:\/\/purolatino.es\/cadiz\/entradas\/","title":{"rendered":"ENTRADAS"},"content":{"rendered":"<hr>\n<div>\n<h3 style=\"text-align: center;\">ENTRADAS PURO LATINO PUERTO DE SANTA MAR\u00cdA<\/h3>\n<\/p>\n<\/div>\n<hr>\n<p><p>\n        <a href=\"\/cadiz\/entradasdedia\/\">ENTRADAS DE D\u00cdA<\/a>\n    <\/p>\n<\/p>\n<p><p>\n        <a href=\"\/cadiz\/abonos\/\">ABONOS<\/a>\n    <\/p>\n<\/p>\n<div>\n<p><span><img decoding=\"async\" src=\"https:\/\/purolatino.es\/torremolinos\/wp-content\/uploads\/sites\/13\/2023\/03\/pmr.svg\" alt=\"\" class=\"size-full wp-image-1113 alignleft\" \/><\/span><\/p>\n<p><span>Las entradas de Movilidad Reducida son \u00fanicamente para personas en Silla de Ruedas. M\u00e1ximo 1 acompa\u00f1ante por silla de ruedas.\u00a0 Para adquirir tu entrada PMR Y ACOMPA\u00d1ANTE contacta con <\/span><a class=\"moz-txt-link-abbreviated\" title=\"mailto:info@ayudaeventos.com\" contenteditable=\"false\" href=\"mailto:info@ayudaeventos.com\">info@ayudaeventos.com<\/a><\/p>\n<\/p>\n<\/div>\n<p><!--more--><br \/>\n<!-- {\"type\":\"layout\",\"children\":[{\"type\":\"section\",\"props\":{\"image_position\":\"center-center\",\"style\":\"default\",\"title_breakpoint\":\"xl\",\"title_position\":\"top-left\",\"title_rotation\":\"left\",\"vertical_align\":\"\",\"width\":\"default\"},\"children\":[{\"type\":\"row\",\"children\":[{\"type\":\"column\",\"props\":{\"image_position\":\"center-center\",\"position_sticky_breakpoint\":\"m\",\"width_medium\":\"1-1\"},\"children\":[{\"type\":\"divider\",\"props\":{\"divider_element\":\"hr\"}},{\"type\":\"text\",\"props\":{\"column_breakpoint\":\"m\",\"content\":\"\n\n<h3 style=\\\"text-align: center;\\\">ENTRADAS PURO LATINO PUERTO DE SANTA MAR\\u00cdA<\\\/h3>\\n\n\n<p><\\\/p>\",\"margin\":\"default\"}},{\"type\":\"divider\",\"props\":{\"divider_element\":\"hr\"}},{\"type\":\"button\",\"props\":{\"grid_column_gap\":\"small\",\"grid_row_gap\":\"small\",\"margin\":\"default\",\"text_align\":\"center\"},\"children\":[{\"type\":\"button_item\",\"props\":{\"button_style\":\"secondary\",\"content\":\"ENTRADAS DE D\\u00cdA\",\"dialog_layout\":\"modal\",\"dialog_offcanvas_flip\":true,\"icon\":\"cart\",\"icon_align\":\"left\",\"link\":\"entradasdedia\\\/\"}}]},{\"type\":\"button\",\"props\":{\"grid_column_gap\":\"small\",\"grid_row_gap\":\"small\",\"margin\":\"default\",\"text_align\":\"center\"},\"children\":[{\"type\":\"button_item\",\"props\":{\"button_style\":\"secondary\",\"content\":\"ABONOS\",\"dialog_layout\":\"modal\",\"dialog_offcanvas_flip\":true,\"icon\":\"cart\",\"icon_align\":\"left\",\"link\":\"abonos\\\/\"}}]},{\"type\":\"text\",\"props\":{\"column_breakpoint\":\"m\",\"content\":\"\n\n<p><span><img src=\\\"https:\\\/\\\/purolatino.es\\\/torremolinos\\\/wp-content\\\/uploads\\\/sites\\\/13\\\/2023\\\/03\\\/pmr.svg\\\" alt=\\\"\\\" class=\\\"size-full wp-image-1113 alignleft\\\" \\\/><\\\/span><\\\/p>\\n\n\n<p><span>Las entradas de Movilidad Reducida son \\u00fanicamente para personas en Silla de Ruedas. M\\u00e1ximo 1 acompa\\u00f1ante por silla de ruedas.\\u00a0 Para adquirir tu entrada PMR Y ACOMPA\\u00d1ANTE contacta con <\\\/span><a class=\\\"moz-txt-link-abbreviated\\\" title=\\\"mailto:info@ayudaeventos.com\\\" contenteditable=\\\"false\\\" href=\\\"mailto:info@ayudaeventos.com\\\">info@ayudaeventos.com<\\\/a><\\\/p>\\n\n\n<p><\\\/p>\",\"margin\":\"default\"}}]}]}]}],\"version\":\"4.5.31\"} --><\/p>\n","protected":false},"excerpt":{"rendered":"<p>ENTRADAS PURO LATINO PUERTO DE SANTA MAR\u00cdA ENTRADAS DE D\u00cdA ABONOS Las entradas de Movilidad Reducida son \u00fanicamente para personas en Silla de Ruedas. M\u00e1ximo 1 acompa\u00f1ante por silla de ruedas.\u00a0 Para adquirir tu entrada PMR Y ACOMPA\u00d1ANTE contacta con info@ayudaeventos.com<\/p>\n","protected":false},"author":1,"featured_media":0,"parent":0,"menu_order":0,"comment_status":"closed","ping_status":"closed","template":"","meta":{"footnotes":""},"class_list":["post-20","page","type-page","status-publish","hentry"],"yoast_head":"<!-- This site is optimized with the Yoast SEO plugin v27.5 - https:\/\/yoast.com\/product\/yoast-seo-wordpress\/ -->\n<title>ENTRADAS - Cadiz<\/title>\n<meta name=\"robots\" content=\"index, follow, max-snippet:-1, max-image-preview:large, max-video-preview:-1\" \/>\n<link rel=\"canonical\" href=\"https:\/\/purolatino.es\/cadiz\/entradas\/\" \/>\n<meta property=\"og:locale\" content=\"es_ES\" \/>\n<meta property=\"og:type\" content=\"article\" \/>\n<meta property=\"og:title\" content=\"ENTRADAS - Cadiz\" \/>\n<meta property=\"og:description\" content=\"ENTRADAS PURO LATINO PUERTO DE SANTA MAR\u00cdA ENTRADAS DE D\u00cdA ABONOS Las entradas de Movilidad Reducida son \u00fanicamente para personas en Silla de Ruedas. M\u00e1ximo 1 acompa\u00f1ante por silla de ruedas.\u00a0 Para adquirir tu entrada PMR Y ACOMPA\u00d1ANTE contacta con info@ayudaeventos.com\" \/>\n<meta property=\"og:url\" content=\"https:\/\/purolatino.es\/cadiz\/entradas\/\" \/>\n<meta property=\"og:site_name\" content=\"Cadiz\" \/>\n<meta property=\"article:modified_time\" content=\"2026-03-24T19:09:58+00:00\" \/>\n<meta name=\"twitter:card\" content=\"summary_large_image\" \/>\n<script type=\"application\/ld+json\" class=\"yoast-schema-graph\">{\"@context\":\"https:\\\/\\\/schema.org\",\"@graph\":[{\"@type\":\"WebPage\",\"@id\":\"https:\\\/\\\/purolatino.es\\\/cadiz\\\/entradas\\\/\",\"url\":\"https:\\\/\\\/purolatino.es\\\/cadiz\\\/entradas\\\/\",\"name\":\"ENTRADAS - Cadiz\",\"isPartOf\":{\"@id\":\"https:\\\/\\\/purolatino.es\\\/cadiz\\\/#website\"},\"primaryImageOfPage\":{\"@id\":\"https:\\\/\\\/purolatino.es\\\/cadiz\\\/entradas\\\/#primaryimage\"},\"image\":{\"@id\":\"https:\\\/\\\/purolatino.es\\\/cadiz\\\/entradas\\\/#primaryimage\"},\"thumbnailUrl\":\"https:\\\/\\\/purolatino.es\\\/torremolinos\\\/wp-content\\\/uploads\\\/sites\\\/13\\\/2023\\\/03\\\/pmr.svg\",\"datePublished\":\"2019-09-27T10:36:08+00:00\",\"dateModified\":\"2026-03-24T19:09:58+00:00\",\"breadcrumb\":{\"@id\":\"https:\\\/\\\/purolatino.es\\\/cadiz\\\/entradas\\\/#breadcrumb\"},\"inLanguage\":\"es\",\"potentialAction\":[{\"@type\":\"ReadAction\",\"target\":[\"https:\\\/\\\/purolatino.es\\\/cadiz\\\/entradas\\\/\"]}]},{\"@type\":\"ImageObject\",\"inLanguage\":\"es\",\"@id\":\"https:\\\/\\\/purolatino.es\\\/cadiz\\\/entradas\\\/#primaryimage\",\"url\":\"https:\\\/\\\/purolatino.es\\\/torremolinos\\\/wp-content\\\/uploads\\\/sites\\\/13\\\/2023\\\/03\\\/pmr.svg\",\"contentUrl\":\"https:\\\/\\\/purolatino.es\\\/torremolinos\\\/wp-content\\\/uploads\\\/sites\\\/13\\\/2023\\\/03\\\/pmr.svg\"},{\"@type\":\"BreadcrumbList\",\"@id\":\"https:\\\/\\\/purolatino.es\\\/cadiz\\\/entradas\\\/#breadcrumb\",\"itemListElement\":[{\"@type\":\"ListItem\",\"position\":1,\"name\":\"Portada\",\"item\":\"https:\\\/\\\/purolatino.es\\\/cadiz\\\/\"},{\"@type\":\"ListItem\",\"position\":2,\"name\":\"ENTRADAS\"}]},{\"@type\":\"WebSite\",\"@id\":\"https:\\\/\\\/purolatino.es\\\/cadiz\\\/#website\",\"url\":\"https:\\\/\\\/purolatino.es\\\/cadiz\\\/\",\"name\":\"Cadiz\",\"description\":\"El mayor festival de reggaeton de Espa\u00f1a en el Puerto de Santa Mar\u00eda\",\"potentialAction\":[{\"@type\":\"SearchAction\",\"target\":{\"@type\":\"EntryPoint\",\"urlTemplate\":\"https:\\\/\\\/purolatino.es\\\/cadiz\\\/?s={search_term_string}\"},\"query-input\":{\"@type\":\"PropertyValueSpecification\",\"valueRequired\":true,\"valueName\":\"search_term_string\"}}],\"inLanguage\":\"es\"}]}<\/script>\n<!-- \/ Yoast SEO plugin. -->","yoast_head_json":{"title":"ENTRADAS - Cadiz","robots":{"index":"index","follow":"follow","max-snippet":"max-snippet:-1","max-image-preview":"max-image-preview:large","max-video-preview":"max-video-preview:-1"},"canonical":"https:\/\/purolatino.es\/cadiz\/entradas\/","og_locale":"es_ES","og_type":"article","og_title":"ENTRADAS - Cadiz","og_description":"ENTRADAS PURO LATINO PUERTO DE SANTA MAR\u00cdA ENTRADAS DE D\u00cdA ABONOS Las entradas de Movilidad Reducida son \u00fanicamente para personas en Silla de Ruedas. M\u00e1ximo 1 acompa\u00f1ante por silla de ruedas.\u00a0 Para adquirir tu entrada PMR Y ACOMPA\u00d1ANTE contacta con info@ayudaeventos.com","og_url":"https:\/\/purolatino.es\/cadiz\/entradas\/","og_site_name":"Cadiz","article_modified_time":"2026-03-24T19:09:58+00:00","twitter_card":"summary_large_image","schema":{"@context":"https:\/\/schema.org","@graph":[{"@type":"WebPage","@id":"https:\/\/purolatino.es\/cadiz\/entradas\/","url":"https:\/\/purolatino.es\/cadiz\/entradas\/","name":"ENTRADAS - Cadiz","isPartOf":{"@id":"https:\/\/purolatino.es\/cadiz\/#website"},"primaryImageOfPage":{"@id":"https:\/\/purolatino.es\/cadiz\/entradas\/#primaryimage"},"image":{"@id":"https:\/\/purolatino.es\/cadiz\/entradas\/#primaryimage"},"thumbnailUrl":"https:\/\/purolatino.es\/torremolinos\/wp-content\/uploads\/sites\/13\/2023\/03\/pmr.svg","datePublished":"2019-09-27T10:36:08+00:00","dateModified":"2026-03-24T19:09:58+00:00","breadcrumb":{"@id":"https:\/\/purolatino.es\/cadiz\/entradas\/#breadcrumb"},"inLanguage":"es","potentialAction":[{"@type":"ReadAction","target":["https:\/\/purolatino.es\/cadiz\/entradas\/"]}]},{"@type":"ImageObject","inLanguage":"es","@id":"https:\/\/purolatino.es\/cadiz\/entradas\/#primaryimage","url":"https:\/\/purolatino.es\/torremolinos\/wp-content\/uploads\/sites\/13\/2023\/03\/pmr.svg","contentUrl":"https:\/\/purolatino.es\/torremolinos\/wp-content\/uploads\/sites\/13\/2023\/03\/pmr.svg"},{"@type":"BreadcrumbList","@id":"https:\/\/purolatino.es\/cadiz\/entradas\/#breadcrumb","itemListElement":[{"@type":"ListItem","position":1,"name":"Portada","item":"https:\/\/purolatino.es\/cadiz\/"},{"@type":"ListItem","position":2,"name":"ENTRADAS"}]},{"@type":"WebSite","@id":"https:\/\/purolatino.es\/cadiz\/#website","url":"https:\/\/purolatino.es\/cadiz\/","name":"Cadiz","description":"El mayor festival de reggaeton de Espa\u00f1a en el Puerto de Santa Mar\u00eda","potentialAction":[{"@type":"SearchAction","target":{"@type":"EntryPoint","urlTemplate":"https:\/\/purolatino.es\/cadiz\/?s={search_term_string}"},"query-input":{"@type":"PropertyValueSpecification","valueRequired":true,"valueName":"search_term_string"}}],"inLanguage":"es"}]}},"jetpack_sharing_enabled":true,"_links":{"self":[{"href":"https:\/\/purolatino.es\/cadiz\/wp-json\/wp\/v2\/pages\/20","targetHints":{"allow":["GET"]}}],"collection":[{"href":"https:\/\/purolatino.es\/cadiz\/wp-json\/wp\/v2\/pages"}],"about":[{"href":"https:\/\/purolatino.es\/cadiz\/wp-json\/wp\/v2\/types\/page"}],"author":[{"embeddable":true,"href":"https:\/\/purolatino.es\/cadiz\/wp-json\/wp\/v2\/users\/1"}],"replies":[{"embeddable":true,"href":"https:\/\/purolatino.es\/cadiz\/wp-json\/wp\/v2\/comments?post=20"}],"version-history":[{"count":54,"href":"https:\/\/purolatino.es\/cadiz\/wp-json\/wp\/v2\/pages\/20\/revisions"}],"predecessor-version":[{"id":3050,"href":"https:\/\/purolatino.es\/cadiz\/wp-json\/wp\/v2\/pages\/20\/revisions\/3050"}],"wp:attachment":[{"href":"https:\/\/purolatino.es\/cadiz\/wp-json\/wp\/v2\/media?parent=20"}],"curies":[{"name":"wp","href":"https:\/\/api.w.org\/{rel}","templated":true}]}}