{"id":732,"date":"2022-03-14T11:28:59","date_gmt":"2022-03-14T11:28:59","guid":{"rendered":"https:\/\/purolatino.es\/cadiz\/?page_id=732"},"modified":"2022-03-14T11:36:05","modified_gmt":"2022-03-14T11:36:05","slug":"comunicados","status":"publish","type":"page","link":"https:\/\/purolatino.es\/cadiz\/comunicados\/","title":{"rendered":"comunicados"},"content":{"rendered":"<div>\n\n\n<div id=\"wk-grid133\" class=\"wk-grid-width-1-1 wk-grid-width-medium-1-2 wk-grid wk-grid-match wk-text-left \" data-wk-grid-match=\"{target:'> div > .wk-panel', row:true}\" data-wk-grid-margin  data-wk-scrollspy=\"{cls:'wk-animation-fade wk-invisible', target:'> div > .wk-panel', delay:300}\">\n\n\n    <div>\n        <div class=\"wk-panel wk-overlay-hover wk-invisible\">\n\n                        <a class=\"wk-position-cover wk-position-z-index\" href=\"https:\/\/purolatino.es\/cadiz\/carta-abierta-a-juan-marin\/\" title=\"CARTA ABIERTA A JUAN MAR\u00cdN\"><\/a>\n            \n            \n                        <div class=\"wk-text-center wk-panel-teaser\"><div class=\"wk-overlay \"><img loading=\"lazy\" decoding=\"async\" src=\"https:\/\/purolatino.es\/cadiz\/wp-content\/uploads\/sites\/10\/2022\/04\/cartaabierta.jpg\" class=\" wk-overlay-scale\" alt=\"CARTA ABIERTA A JUAN MAR\u00cdN\" width=\"1080\" height=\"1080\"><\/div><\/div>\n            \n            \n                        <h3 class=\"wk-h1 wk-margin-top-remove\">\n\n                                    <a class=\"wk-link-reset\" href=\"https:\/\/purolatino.es\/cadiz\/carta-abierta-a-juan-marin\/\">CARTA ABIERTA A JUAN MAR\u00cdN<\/a>\n                \n                \n            <\/h3>\n            \n            \n            \n                        <div class=\"wk-margin\">\n<p>Ante las noticias aparecidas recientemente en medios sobre la celebraci\u00f3n de Andaluc\u00eda Big Festival en la ciudad de M\u00e1laga y las opiniones al respecto vertidas por el vicepresidente de la Junta de Andaluc\u00eda y consejero de Turismo, Regeneraci\u00f3n, Justicia y Administraci\u00f3n Local, Juan Mar\u00edn, principal valedor de esta iniciativa.<\/p>\n\n\n\n<\/div>\n            \n            \n                        <p><a class=\"wk-button\" href=\"https:\/\/purolatino.es\/cadiz\/carta-abierta-a-juan-marin\/\">Leer m\u00e1s<\/a><\/p>\n            \n            \n        <\/div>\n    <\/div>\n\n\n    <div>\n        <div class=\"wk-panel wk-overlay-hover wk-invisible\">\n\n                        <a class=\"wk-position-cover wk-position-z-index\" href=\"https:\/\/purolatino.es\/cadiz\/comunicado-de-aplazamiento-de-puro-latino-puerto-de-santa-maria-cadiz-2021\/\" title=\"comunicado de aplazamiento de Puro Latino Puerto de Santa Mar\u00eda (C\u00e1diz) 2021\"><\/a>\n            \n            \n                        <div class=\"wk-text-center wk-panel-teaser\"><div class=\"wk-overlay \"><img loading=\"lazy\" decoding=\"async\" src=\"https:\/\/purolatino.es\/cadiz\/wp-content\/uploads\/sites\/10\/2021\/06\/ComunicadoAplazamiento_PL_Cadiz.jpg\" class=\" wk-overlay-scale\" alt=\"comunicado de aplazamiento de Puro Latino Puerto de Santa Mar\u00eda (C\u00e1diz) 2021\" width=\"960\" height=\"960\"><\/div><\/div>\n            \n            \n                        <h3 class=\"wk-h1 wk-margin-top-remove\">\n\n                                    <a class=\"wk-link-reset\" href=\"https:\/\/purolatino.es\/cadiz\/comunicado-de-aplazamiento-de-puro-latino-puerto-de-santa-maria-cadiz-2021\/\">comunicado de aplazamiento de Puro Latino Puerto de Santa Mar\u00eda (C\u00e1diz) 2021<\/a>\n                \n                \n            <\/h3>\n            \n            \n            \n                        <div class=\"wk-margin\">\n<p><em>Hemos intentado apurar nuestras opciones hasta el \u00faltimo momento, pero finalmente&nbsp;la situaci\u00f3n provocada por&nbsp;<strong>el Covid-19 nos obliga a aplazar a 2022 la celebraci\u00f3n de Puro Latino Puerto de Santa Mar\u00eda (C\u00e1diz)<\/strong>. \u00a1Lo sentimos de todo coraz\u00f3n! Hab\u00edamos trabajado duro para conformar un cartel espectacular y compart\u00edamos contigo la ilusi\u00f3n de bailar juntos, pero tomamos&nbsp;<strong>la mejor decisi\u00f3n para preservar tu salud<\/strong>&nbsp;y la del personal del festival.<\/em><\/p>\n\n\n\n<\/div>\n            \n            \n                        <p><a class=\"wk-button\" href=\"https:\/\/purolatino.es\/cadiz\/comunicado-de-aplazamiento-de-puro-latino-puerto-de-santa-maria-cadiz-2021\/\">Leer m\u00e1s<\/a><\/p>\n            \n            \n        <\/div>\n    <\/div>\n\n\n    <div>\n        <div class=\"wk-panel wk-overlay-hover wk-invisible\">\n\n                        <a class=\"wk-position-cover wk-position-z-index\" href=\"https:\/\/purolatino.es\/cadiz\/puro-latino-fest-se-aplaza-a-2021-conservando-al-completo-su-cartel-y-sumando-mas-sorpresas\/\" title=\"PURO LATINO FEST SE APLAZA A 2021 CONSERVANDO AL COMPLETO SU CARTEL Y SUMANDO M\u00c1S SORPRESAS\"><\/a>\n            \n            \n                        <div class=\"wk-text-center wk-panel-teaser\"><div class=\"wk-overlay \"><img loading=\"lazy\" decoding=\"async\" src=\"https:\/\/purolatino.es\/cadiz\/wp-content\/uploads\/sites\/10\/2020\/02\/Ticketeras-Oficiales-IG-POST.jpg\" class=\" wk-overlay-scale\" alt=\"PURO LATINO FEST SE APLAZA A 2021 CONSERVANDO AL COMPLETO SU CARTEL Y SUMANDO M\u00c1S SORPRESAS\" width=\"2000\" height=\"2000\"><\/div><\/div>\n            \n            \n                        <h3 class=\"wk-h1 wk-margin-top-remove\">\n\n                                    <a class=\"wk-link-reset\" href=\"https:\/\/purolatino.es\/cadiz\/puro-latino-fest-se-aplaza-a-2021-conservando-al-completo-su-cartel-y-sumando-mas-sorpresas\/\">PURO LATINO FEST SE APLAZA A 2021 CONSERVANDO AL COMPLETO SU CARTEL Y SUMANDO M\u00c1S SORPRESAS<\/a>\n                \n                \n            <\/h3>\n            \n            \n            \n                        <div class=\"wk-margin\">\n<p>Desde que comenzaron las circunstancias de alerta sanitaria que nos han llevado al momento en el que nos encontramos ahora, hemos trabajado sin descanso en buscar f\u00f3rmulas que hicieran posible la celebraci\u00f3n de&nbsp;<strong>Puro Latino Fest 2020<\/strong>&nbsp;en&nbsp;<strong>El Puerto de Santa Mar\u00eda<\/strong>&nbsp;(C\u00e1diz). Teniendo siempre la salud y la seguridad de todos como \u00fanico objetivo, quer\u00edamos disfrutar con vosotros de ese verano que tanto nos merecemos.&nbsp;<\/p>\n\n\n\n<\/div>\n            \n            \n                        <p><a class=\"wk-button\" href=\"https:\/\/purolatino.es\/cadiz\/puro-latino-fest-se-aplaza-a-2021-conservando-al-completo-su-cartel-y-sumando-mas-sorpresas\/\">Leer m\u00e1s<\/a><\/p>\n            \n            \n        <\/div>\n    <\/div>\n\n\n<\/div>\n\n<script>\n(function($){\n\n    \/\/ get the images of the gallery and replace it by a canvas of the same size to fix the problem with overlapping images on load.\n    $('img[width][height]:not(.wk-overlay-panel)', $('#wk-grid133')).each(function() {\n\n        var $img = $(this);\n\n        if (this.width == 'auto' || this.height == 'auto' || !$img.is(':visible')) {\n            return;\n        }\n\n        var $canvas = $('<canvas class=\"wk-responsive-width\"><\/canvas>').attr({width:$img.attr('width'), height:$img.attr('height')}),\n            img = new Image,\n            release = function() {\n                $canvas.remove();\n                $img.css('display', '');\n                release = function(){};\n            };\n\n        $img.css('display', 'none').after($canvas);\n\n        $(img).on('load', function(){ release(); });\n        setTimeout(function(){ release(); }, 1000);\n\n        img.src = this.src;\n\n    });\n\n})(jQuery);\n<\/script>\n<\/div>\n<p><!-- {\"type\":\"layout\",\"children\":[{\"type\":\"section\",\"props\":{\"style\":\"default\",\"width\":\"default\",\"vertical_align\":\"middle\",\"title_position\":\"top-left\",\"title_rotation\":\"left\",\"title_breakpoint\":\"xl\",\"image_position\":\"center-center\",\"text_color\":\"\",\"width_expand\":\"\",\"height\":\"\",\"padding\":\"\",\"header_transparent\":\"\",\"animation\":\"\"},\"children\":[{\"type\":\"row\",\"props\":{\"layout\":\"1-1\",\"breakpoint\":\"m\",\"fixed_width\":\"large\",\"column_gap\":\"\",\"row_gap\":\"\",\"width\":\"\",\"width_expand\":\"\",\"height\":\"\",\"margin\":\"\"},\"children\":[{\"type\":\"column\",\"props\":{\"image_position\":\"center-center\",\"media_overlay_gradient\":\"\",\"vertical_align\":\"\",\"style\":\"\",\"text_color\":\"\",\"padding\":\"\"},\"children\":[{\"type\":\"html\",\"props\":{\"content\":\"[widgetkit id=\\\"5\\\"]\"}}]}]}]}],\"version\":\"1.22.8\",\"props\":[]} --><\/p>\n","protected":false},"excerpt":{"rendered":"","protected":false},"author":1,"featured_media":0,"parent":0,"menu_order":0,"comment_status":"closed","ping_status":"closed","template":"","meta":{"footnotes":""},"class_list":["post-732","page","type-page","status-publish","hentry"],"yoast_head":"<!-- This site is optimized with the Yoast SEO plugin v27.4 - https:\/\/yoast.com\/product\/yoast-seo-wordpress\/ -->\n<title>comunicados - Cadiz<\/title>\n<meta name=\"robots\" content=\"index, follow, max-snippet:-1, max-image-preview:large, max-video-preview:-1\" \/>\n<link rel=\"canonical\" href=\"https:\/\/purolatino.es\/cadiz\/comunicados\/\" \/>\n<meta property=\"og:locale\" content=\"es_ES\" \/>\n<meta property=\"og:type\" content=\"article\" \/>\n<meta property=\"og:title\" content=\"comunicados - Cadiz\" \/>\n<meta property=\"og:url\" content=\"https:\/\/purolatino.es\/cadiz\/comunicados\/\" \/>\n<meta property=\"og:site_name\" content=\"Cadiz\" \/>\n<meta property=\"article:modified_time\" content=\"2022-03-14T11:36:05+00:00\" \/>\n<meta name=\"twitter:card\" content=\"summary_large_image\" \/>\n<script type=\"application\/ld+json\" class=\"yoast-schema-graph\">{\"@context\":\"https:\\\/\\\/schema.org\",\"@graph\":[{\"@type\":\"WebPage\",\"@id\":\"https:\\\/\\\/purolatino.es\\\/cadiz\\\/comunicados\\\/\",\"url\":\"https:\\\/\\\/purolatino.es\\\/cadiz\\\/comunicados\\\/\",\"name\":\"comunicados - Cadiz\",\"isPartOf\":{\"@id\":\"https:\\\/\\\/purolatino.es\\\/cadiz\\\/#website\"},\"datePublished\":\"2022-03-14T11:28:59+00:00\",\"dateModified\":\"2022-03-14T11:36:05+00:00\",\"breadcrumb\":{\"@id\":\"https:\\\/\\\/purolatino.es\\\/cadiz\\\/comunicados\\\/#breadcrumb\"},\"inLanguage\":\"es\",\"potentialAction\":[{\"@type\":\"ReadAction\",\"target\":[\"https:\\\/\\\/purolatino.es\\\/cadiz\\\/comunicados\\\/\"]}]},{\"@type\":\"BreadcrumbList\",\"@id\":\"https:\\\/\\\/purolatino.es\\\/cadiz\\\/comunicados\\\/#breadcrumb\",\"itemListElement\":[{\"@type\":\"ListItem\",\"position\":1,\"name\":\"Portada\",\"item\":\"https:\\\/\\\/purolatino.es\\\/cadiz\\\/\"},{\"@type\":\"ListItem\",\"position\":2,\"name\":\"comunicados\"}]},{\"@type\":\"WebSite\",\"@id\":\"https:\\\/\\\/purolatino.es\\\/cadiz\\\/#website\",\"url\":\"https:\\\/\\\/purolatino.es\\\/cadiz\\\/\",\"name\":\"Cadiz\",\"description\":\"El mayor festival de reggaeton de Espa\u00f1a en el Puerto de Santa Mar\u00eda\",\"potentialAction\":[{\"@type\":\"SearchAction\",\"target\":{\"@type\":\"EntryPoint\",\"urlTemplate\":\"https:\\\/\\\/purolatino.es\\\/cadiz\\\/?s={search_term_string}\"},\"query-input\":{\"@type\":\"PropertyValueSpecification\",\"valueRequired\":true,\"valueName\":\"search_term_string\"}}],\"inLanguage\":\"es\"}]}<\/script>\n<!-- \/ Yoast SEO plugin. -->","yoast_head_json":{"title":"comunicados - Cadiz","robots":{"index":"index","follow":"follow","max-snippet":"max-snippet:-1","max-image-preview":"max-image-preview:large","max-video-preview":"max-video-preview:-1"},"canonical":"https:\/\/purolatino.es\/cadiz\/comunicados\/","og_locale":"es_ES","og_type":"article","og_title":"comunicados - Cadiz","og_url":"https:\/\/purolatino.es\/cadiz\/comunicados\/","og_site_name":"Cadiz","article_modified_time":"2022-03-14T11:36:05+00:00","twitter_card":"summary_large_image","schema":{"@context":"https:\/\/schema.org","@graph":[{"@type":"WebPage","@id":"https:\/\/purolatino.es\/cadiz\/comunicados\/","url":"https:\/\/purolatino.es\/cadiz\/comunicados\/","name":"comunicados - Cadiz","isPartOf":{"@id":"https:\/\/purolatino.es\/cadiz\/#website"},"datePublished":"2022-03-14T11:28:59+00:00","dateModified":"2022-03-14T11:36:05+00:00","breadcrumb":{"@id":"https:\/\/purolatino.es\/cadiz\/comunicados\/#breadcrumb"},"inLanguage":"es","potentialAction":[{"@type":"ReadAction","target":["https:\/\/purolatino.es\/cadiz\/comunicados\/"]}]},{"@type":"BreadcrumbList","@id":"https:\/\/purolatino.es\/cadiz\/comunicados\/#breadcrumb","itemListElement":[{"@type":"ListItem","position":1,"name":"Portada","item":"https:\/\/purolatino.es\/cadiz\/"},{"@type":"ListItem","position":2,"name":"comunicados"}]},{"@type":"WebSite","@id":"https:\/\/purolatino.es\/cadiz\/#website","url":"https:\/\/purolatino.es\/cadiz\/","name":"Cadiz","description":"El mayor festival de reggaeton de Espa\u00f1a en el Puerto de Santa Mar\u00eda","potentialAction":[{"@type":"SearchAction","target":{"@type":"EntryPoint","urlTemplate":"https:\/\/purolatino.es\/cadiz\/?s={search_term_string}"},"query-input":{"@type":"PropertyValueSpecification","valueRequired":true,"valueName":"search_term_string"}}],"inLanguage":"es"}]}},"jetpack_sharing_enabled":true,"_links":{"self":[{"href":"https:\/\/purolatino.es\/cadiz\/wp-json\/wp\/v2\/pages\/732","targetHints":{"allow":["GET"]}}],"collection":[{"href":"https:\/\/purolatino.es\/cadiz\/wp-json\/wp\/v2\/pages"}],"about":[{"href":"https:\/\/purolatino.es\/cadiz\/wp-json\/wp\/v2\/types\/page"}],"author":[{"embeddable":true,"href":"https:\/\/purolatino.es\/cadiz\/wp-json\/wp\/v2\/users\/1"}],"replies":[{"embeddable":true,"href":"https:\/\/purolatino.es\/cadiz\/wp-json\/wp\/v2\/comments?post=732"}],"version-history":[{"count":3,"href":"https:\/\/purolatino.es\/cadiz\/wp-json\/wp\/v2\/pages\/732\/revisions"}],"predecessor-version":[{"id":739,"href":"https:\/\/purolatino.es\/cadiz\/wp-json\/wp\/v2\/pages\/732\/revisions\/739"}],"wp:attachment":[{"href":"https:\/\/purolatino.es\/cadiz\/wp-json\/wp\/v2\/media?parent=732"}],"curies":[{"name":"wp","href":"https:\/\/api.w.org\/{rel}","templated":true}]}}