{"id":262,"date":"2023-03-27T08:28:40","date_gmt":"2023-03-27T08:28:40","guid":{"rendered":"https:\/\/purolatino.es\/madrid\/?page_id=262"},"modified":"2025-06-24T09:59:43","modified_gmt":"2025-06-24T09:59:43","slug":"cambio-de-nombre","status":"publish","type":"page","link":"https:\/\/purolatino.es\/madrid\/cambio-de-nombre\/","title":{"rendered":"CAMBIO DE NOMBRE"},"content":{"rendered":"<div>\n<h2>CAMBIO DE NOMBRE<\/h2>\n<\/div>\n<div>\n<p>Las entradas deber\u00e1n ir asociadas al nombre y apellidos de la persona que las adquiri\u00f3. Si tu entrada no va asociada a este, deber\u00e1s realizar el cambio de nombre.<\/p>\n<\/div>\n<div>\n<div id=\"evezing-shop-cambio-de-nombre-puro-latino-madrid-2025\" style=\"padding-bottom: 15px;\">\n<p class=\"evezing-shop-checking\" style=\"padding: 15px; font-size: 16px; text-align: center; color: rgb(102, 102, 102);\">Comprobando disponibilidad de entradas&#8230;<\/p>\n<\/div>\n<p><script src=\"https:\/\/purolatinomadrid.evezing.com\/iframe-shop\/event\/cambio-de-nombre-puro-latino-madrid-2025\" id=\"evezing-script-cambio-de-nombre-puro-latino-madrid-2025\" type=\"text\/javascript\"><\/script>\n<\/div>\n<p><!--more--><br \/>\n<!-- {\"type\":\"layout\",\"children\":[{\"type\":\"section\",\"props\":{\"image_position\":\"center-center\",\"style\":\"default\",\"title_breakpoint\":\"xl\",\"title_position\":\"top-left\",\"title_rotation\":\"left\",\"vertical_align\":\"\",\"width\":\"default\"},\"children\":[{\"type\":\"row\",\"children\":[{\"type\":\"column\",\"props\":{\"image_position\":\"center-center\",\"position_sticky_breakpoint\":\"m\"},\"children\":[{\"type\":\"text\",\"props\":{\"column_breakpoint\":\"m\",\"content\":\"\n\n<h2>CAMBIO DE NOMBRE<\\\/h2>\",\"margin\":\"default\"}},{\"type\":\"text\",\"props\":{\"column_breakpoint\":\"m\",\"content\":\"\n\n<p>Las entradas deber\\u00e1n ir asociadas al nombre y apellidos de la persona que las adquiri\\u00f3. Si tu entrada no va asociada a este, deber\\u00e1s realizar el cambio de nombre.<\\\/p>\",\"margin\":\"default\"}},{\"type\":\"html\",\"props\":{\"content\":\"\n\n<div id=\\\"evezing-shop-cambio-de-nombre-puro-latino-madrid-2025\\\" style=\\\"padding-bottom: 15px;\\\">\n\n<p class=\\\"evezing-shop-checking\\\" style=\\\"padding: 15px; font-size: 16px; text-align: center; color: rgb(102, 102, 102);\\\">Comprobando disponibilidad de entradas...<\\\/p><\\\/div><script src=\\\"https:\\\/\\\/purolatinomadrid.evezing.com\\\/iframe-shop\\\/event\\\/cambio-de-nombre-puro-latino-madrid-2025\\\" id=\\\"evezing-script-cambio-de-nombre-puro-latino-madrid-2025\\\" type=\\\"text\\\/javascript\\\"><\\\/script>\"}}]}]}]}],\"version\":\"4.5.15\"} --><\/p>\n","protected":false},"excerpt":{"rendered":"<p>CAMBIO DE NOMBRE Las entradas deber\u00e1n ir asociadas al nombre y apellidos de la persona que las adquiri\u00f3. Si tu entrada no va asociada a este, deber\u00e1s realizar el cambio de nombre. Comprobando disponibilidad de entradas&#8230;<\/p>\n","protected":false},"author":1,"featured_media":0,"parent":0,"menu_order":0,"comment_status":"closed","ping_status":"closed","template":"","meta":{"footnotes":""},"class_list":["post-262","page","type-page","status-publish","hentry"],"yoast_head":"<!-- This site is optimized with the Yoast SEO plugin v27.4 - https:\/\/yoast.com\/product\/yoast-seo-wordpress\/ -->\n<title>CAMBIO DE NOMBRE - Puro Latino Fest Madrid<\/title>\n<meta name=\"robots\" content=\"index, follow, max-snippet:-1, max-image-preview:large, max-video-preview:-1\" \/>\n<link rel=\"canonical\" href=\"https:\/\/purolatino.es\/madrid\/cambio-de-nombre\/\" \/>\n<meta property=\"og:locale\" content=\"es_ES\" \/>\n<meta property=\"og:type\" content=\"article\" \/>\n<meta property=\"og:title\" content=\"CAMBIO DE NOMBRE - Puro Latino Fest Madrid\" \/>\n<meta property=\"og:description\" content=\"CAMBIO DE NOMBRE Las entradas deber\u00e1n ir asociadas al nombre y apellidos de la persona que las adquiri\u00f3. Si tu entrada no va asociada a este, deber\u00e1s realizar el cambio de nombre. Comprobando disponibilidad de entradas&#8230;\" \/>\n<meta property=\"og:url\" content=\"https:\/\/purolatino.es\/madrid\/cambio-de-nombre\/\" \/>\n<meta property=\"og:site_name\" content=\"Puro Latino Fest Madrid\" \/>\n<meta property=\"article:modified_time\" content=\"2025-06-24T09:59:43+00:00\" \/>\n<meta name=\"twitter:card\" content=\"summary_large_image\" \/>\n<script type=\"application\/ld+json\" class=\"yoast-schema-graph\">{\"@context\":\"https:\\\/\\\/schema.org\",\"@graph\":[{\"@type\":\"WebPage\",\"@id\":\"https:\\\/\\\/purolatino.es\\\/madrid\\\/cambio-de-nombre\\\/\",\"url\":\"https:\\\/\\\/purolatino.es\\\/madrid\\\/cambio-de-nombre\\\/\",\"name\":\"CAMBIO DE NOMBRE - Puro Latino Fest Madrid\",\"isPartOf\":{\"@id\":\"https:\\\/\\\/purolatino.es\\\/madrid\\\/#website\"},\"datePublished\":\"2023-03-27T08:28:40+00:00\",\"dateModified\":\"2025-06-24T09:59:43+00:00\",\"breadcrumb\":{\"@id\":\"https:\\\/\\\/purolatino.es\\\/madrid\\\/cambio-de-nombre\\\/#breadcrumb\"},\"inLanguage\":\"es\",\"potentialAction\":[{\"@type\":\"ReadAction\",\"target\":[\"https:\\\/\\\/purolatino.es\\\/madrid\\\/cambio-de-nombre\\\/\"]}]},{\"@type\":\"BreadcrumbList\",\"@id\":\"https:\\\/\\\/purolatino.es\\\/madrid\\\/cambio-de-nombre\\\/#breadcrumb\",\"itemListElement\":[{\"@type\":\"ListItem\",\"position\":1,\"name\":\"Portada\",\"item\":\"https:\\\/\\\/purolatino.es\\\/madrid\\\/\"},{\"@type\":\"ListItem\",\"position\":2,\"name\":\"CAMBIO DE NOMBRE\"}]},{\"@type\":\"WebSite\",\"@id\":\"https:\\\/\\\/purolatino.es\\\/madrid\\\/#website\",\"url\":\"https:\\\/\\\/purolatino.es\\\/madrid\\\/\",\"name\":\"Puro Latino Fest Madrid\",\"description\":\"El mayor festival de reggaeton de Espa\u00f1a en Madrid\",\"potentialAction\":[{\"@type\":\"SearchAction\",\"target\":{\"@type\":\"EntryPoint\",\"urlTemplate\":\"https:\\\/\\\/purolatino.es\\\/madrid\\\/?s={search_term_string}\"},\"query-input\":{\"@type\":\"PropertyValueSpecification\",\"valueRequired\":true,\"valueName\":\"search_term_string\"}}],\"inLanguage\":\"es\"}]}<\/script>\n<!-- \/ Yoast SEO plugin. -->","yoast_head_json":{"title":"CAMBIO DE NOMBRE - Puro Latino Fest Madrid","robots":{"index":"index","follow":"follow","max-snippet":"max-snippet:-1","max-image-preview":"max-image-preview:large","max-video-preview":"max-video-preview:-1"},"canonical":"https:\/\/purolatino.es\/madrid\/cambio-de-nombre\/","og_locale":"es_ES","og_type":"article","og_title":"CAMBIO DE NOMBRE - Puro Latino Fest Madrid","og_description":"CAMBIO DE NOMBRE Las entradas deber\u00e1n ir asociadas al nombre y apellidos de la persona que las adquiri\u00f3. Si tu entrada no va asociada a este, deber\u00e1s realizar el cambio de nombre. Comprobando disponibilidad de entradas&#8230;","og_url":"https:\/\/purolatino.es\/madrid\/cambio-de-nombre\/","og_site_name":"Puro Latino Fest Madrid","article_modified_time":"2025-06-24T09:59:43+00:00","twitter_card":"summary_large_image","schema":{"@context":"https:\/\/schema.org","@graph":[{"@type":"WebPage","@id":"https:\/\/purolatino.es\/madrid\/cambio-de-nombre\/","url":"https:\/\/purolatino.es\/madrid\/cambio-de-nombre\/","name":"CAMBIO DE NOMBRE - Puro Latino Fest Madrid","isPartOf":{"@id":"https:\/\/purolatino.es\/madrid\/#website"},"datePublished":"2023-03-27T08:28:40+00:00","dateModified":"2025-06-24T09:59:43+00:00","breadcrumb":{"@id":"https:\/\/purolatino.es\/madrid\/cambio-de-nombre\/#breadcrumb"},"inLanguage":"es","potentialAction":[{"@type":"ReadAction","target":["https:\/\/purolatino.es\/madrid\/cambio-de-nombre\/"]}]},{"@type":"BreadcrumbList","@id":"https:\/\/purolatino.es\/madrid\/cambio-de-nombre\/#breadcrumb","itemListElement":[{"@type":"ListItem","position":1,"name":"Portada","item":"https:\/\/purolatino.es\/madrid\/"},{"@type":"ListItem","position":2,"name":"CAMBIO DE NOMBRE"}]},{"@type":"WebSite","@id":"https:\/\/purolatino.es\/madrid\/#website","url":"https:\/\/purolatino.es\/madrid\/","name":"Puro Latino Fest Madrid","description":"El mayor festival de reggaeton de Espa\u00f1a en Madrid","potentialAction":[{"@type":"SearchAction","target":{"@type":"EntryPoint","urlTemplate":"https:\/\/purolatino.es\/madrid\/?s={search_term_string}"},"query-input":{"@type":"PropertyValueSpecification","valueRequired":true,"valueName":"search_term_string"}}],"inLanguage":"es"}]}},"jetpack_sharing_enabled":true,"_links":{"self":[{"href":"https:\/\/purolatino.es\/madrid\/wp-json\/wp\/v2\/pages\/262","targetHints":{"allow":["GET"]}}],"collection":[{"href":"https:\/\/purolatino.es\/madrid\/wp-json\/wp\/v2\/pages"}],"about":[{"href":"https:\/\/purolatino.es\/madrid\/wp-json\/wp\/v2\/types\/page"}],"author":[{"embeddable":true,"href":"https:\/\/purolatino.es\/madrid\/wp-json\/wp\/v2\/users\/1"}],"replies":[{"embeddable":true,"href":"https:\/\/purolatino.es\/madrid\/wp-json\/wp\/v2\/comments?post=262"}],"version-history":[{"count":7,"href":"https:\/\/purolatino.es\/madrid\/wp-json\/wp\/v2\/pages\/262\/revisions"}],"predecessor-version":[{"id":1364,"href":"https:\/\/purolatino.es\/madrid\/wp-json\/wp\/v2\/pages\/262\/revisions\/1364"}],"wp:attachment":[{"href":"https:\/\/purolatino.es\/madrid\/wp-json\/wp\/v2\/media?parent=262"}],"curies":[{"name":"wp","href":"https:\/\/api.w.org\/{rel}","templated":true}]}}